w be a(y). Suppose -2*c = -5*c + w. List the prime factors of c.
2, 3, 17
What are the prime factors of -5 + 108689/14 - 6/(-12)?
7759
List the prime factors of (151044/9)/(4/3).
41, 307
Suppose -k - 4*k + 1260 = -2*o, -o = -3*k + 755. Let n be (-4)/(-14) - 35928/(-84). Suppose -3*y + k = -j, -4*j = 4*y + y - n. What are the prime factors of y?
2, 3, 7
Let n = -28 + 30. Let b(m) = 5*m**n - 1 - 3*m - 8*m + 17*m - 4*m**2. What are the prime factors of b(-7)?
2, 3
Let x(z) = 3 - 1 - 3 + 7 + 9*z - 13*z**2. Let a(m) = 7*m**2 - 4*m - 3. Let r(q) = 11*a(q) + 6*x(q). What are the prime factors of r(7)?
2, 3
Let w be (-60)/(-4)*(-14)/(-10). Let d(v) = 66*v - 173. List the prime factors of d(w).
1213
Let t = 989 + -999. Let l(m) = -6 - 12 + 0*m - m**3 + 5*m - 8*m**2. List the prime factors of l(t).
2, 3, 11
Let m(n) = -47*n - 4. Let c be m(5). Let j = -103 - c. What are the prime factors of j?
2, 17
Let b(o) = -o**3 - 3*o**2 + o - 8. Let u(a) be the second derivative of -a**3/2 - 21*a**2/2 - 13*a. Let s be u(-5). List the prime factors of b(s).
2, 47
Suppose -w = -28 - 25. Let c = w - 35. Suppose -2*u = -3*u + c. List the prime factors of u.
2, 3
Let i(d) = -24*d**2 + 28*d + 2. Let o be i(1). Let g(z) = -z**2 + 4*z + 18. What are the prime factors of g(o)?
2, 3
Let y(z) = z + 3*z + 13 - 3*z - 11. Let g be (2/(-6))/((-25)/750). What are the prime factors of y(g)?
2, 3
Let r = 262 - 91. Suppose -4916 = -r*u + 167*u. What are the prime factors of u?
1229
Suppose n = v - 14152, -2*v - 3*n = 3*n - 28352. List the prime factors of v.
2, 7079
List the prime factors of 5 - (9028688/(-545) - ((-2)/5 + 0)).
73, 227
Let g(a) be the second derivative of a**5/10 - a**4 - a**3/6 - 13*a**2 + 197*a. List the prime factors of g(11).
3, 17, 23
What are the prime factors of 12/(-30)*10 - 4690/(-2)?
2341
Let v(j) be the third derivative of 47*j**6/20 - j**4/24 + j**3/6 + 2*j**2 - 67*j. What are the prime factors of v(1)?
2, 3, 47
Suppose 437*u - 446*u + 18 = 0. Suppose -3*q + 2827 = 12*v - 8*v, u*q - v = 1870. What are the prime factors of q?
937
Let w = -474 - -405. What are the prime factors of 69 + w + (525 - 1)?
2, 131
Let a be (45*1)/((-7)/(-21)). Suppose a = p + 4*r - 102, -3*p + r + 724 = 0. What are the prime factors of p?
241
Suppose 0 = -238*f + 250*f + 36. List the prime factors of (-2492)/f + (-24)/36.
2, 5, 83
Suppose 8*u - 7 = 33. Suppose u*o + 150 = 935. Suppose 11*g - 10*g - o = 0. List the prime factors of g.
157
Suppose -59*a + 45*a = -125566. List the prime factors of a.
8969
Suppose 2*a + 3*b - 2 = 5*b, -2*b = -5*a + 17. Suppose -5*y - a*y = -190. Suppose y*g - 17*g = 160. What are the prime factors of g?
2, 5
Let m = -494 - -1415. Let x = m + -745. What are the prime factors of x?
2, 11
Let q = 187 + 403. Let o = q + 138. What are the prime factors of o?
2, 7, 13
Let j(t) be the first derivative of t**5/30 + t**4/3 + 13*t**3/6 + 9*t**2/2 - 3. Let b(f) be the second derivative of j(f). What are the prime factors of b(-8)?
7, 11
Let q(x) be the first derivative of x**5/20 - 13*x**4/12 + 17*x**3/6 + 21*x - 20. Let t(l) be the first derivative of q(l). What are the prime factors of t(12)?
2, 3, 5
Suppose 28 = 3*f + f. Suppose 4*w + f*w = 286. Suppose w*j + 30 = 36*j. List the prime factors of j.
3
Suppose -2235*a + 2245*a - 3820 = 0. List the prime factors of a.
2, 191
Let l(r) = 20*r + 5. Let d(b) = -58*b - 14. Let m(t) = 3*d(t) + 8*l(t). List the prime factors of m(-7).
2, 3
Let y(f) = -21*f - 121. Suppose -84 - 98 = 7*b. List the prime factors of y(b).
5, 17
Let q(a) = 2*a**3 - 4*a**2 - 3*a + 3. Let z be q(-3). Suppose -2*p + 215 = 217. List the prime factors of (z - (-3 - -4))/p.
79
Suppose -3*p + 2*p = -3*c - 1773, -3*p + c + 5287 = 0. Suppose 6*i + 2*t = 7*i - 357, -4*t = -5*i + p. What are the prime factors of i?
349
Let x be (48/(-9) - -5)/((-1)/12). Let n(y) = -2*y + x*y + 10 + 10 + 13. List the prime factors of n(14).
61
Let o be -1 + 3 + 0/(-2). Let d(c) = 2*c**2 - c + 3. Let h be d(o). List the prime factors of (-2)/3 + 654/h.
2, 3
Let i be -4*(5/2 - 3). Suppose 0*z - 10 = i*z. Let g(k) = k**3 + 6*k**2 - 2*k - 9. What are the prime factors of g(z)?
2, 13
Suppose 49*c = 54*c + 1523 - 41368. List the prime factors of c.
13, 613
Suppose -r = -5*k + 266090, 98*k + 2*r = 100*k - 106436. List the prime factors of k.
2, 11, 41, 59
Suppose -7*v = -3*v - 8. Suppose -5*c = -4*a - 80 - 64, 0 = 3*c - v*a - 86. List the prime factors of c.
2, 7
Suppose 14*x - 9*x - 4*u = 3249, -4*x - 5*u = -2550. List the prime factors of x.
3, 5, 43
Let g(m) = 3*m - 55. Suppose 0*o = 5*o - 175. List the prime factors of g(o).
2, 5
Let g(z) = -2*z**3 - 4*z**2 - 6*z + 2. Let b be g(-3). Suppose -42*m + b*m = -872. What are the prime factors of m?
2, 109
Let v be 6/(-9) - (-731)/3. Suppose 2*k = 3*x - 412, -5 = -5*k - 15. Let l = v - x. What are the prime factors of l?
107
Let c(m) be the third derivative of m**6/120 + 7*m**5/30 - m**4/12 + 8*m**3/3 + 48*m**2. List the prime factors of c(-12).
2, 41
Suppose 63*v = 71*v - 56. Suppose -5*o - 8*p + 1979 = -v*p, -5*o + 1963 = -3*p. List the prime factors of o.
5, 79
Let d(z) be the first derivative of z**3/3 + 3*z**2 + 14*z + 1. Suppose -154 = 35*f + 56. What are the prime factors of d(f)?
2, 7
Let j be ((4/6)/1)/(2/(-330)). Let g = j - -113. Suppose -2*w + 349 = -0*w - 3*d, -g*w + 4*d + 522 = 0. List the prime factors of w.
2, 5, 17
Let i = 843 + -536. Suppose i = g + y - 810, -g + 5*y = -1123. List the prime factors of g.
2, 13, 43
Let z = -135 + 139. Suppose 9*l = 3*s + z*l - 583, 4*l = -3*s + 565. What are the prime factors of s?
191
Suppose 5*f - 115 = 2*b, b = -4*f - f + 115. Let m be -4 - 36/(-6) - f*-1. Suppose c + 4*u = m, -u + 0 = -2. List the prime factors of c.
17
Let f(k) = -10*k**3 + k**2 - 15*k + 25. Let b(d) = -3*d**3 + d**2 - 5*d + 8. Let z(u) = -11*b(u) + 4*f(u). What are the prime factors of z(-4)?
2, 23
Suppose -4*y - 19864 = -3*k, 3998 + 22502 = 4*k + 2*y. List the prime factors of k/16*(0 - 5/(-3)).
2, 3, 5, 23
Let b(n) = 9 - 124*n + 146*n - 274*n. List the prime factors of b(-3).
3, 5, 17
Let v(a) = -a**3 - 25*a**2 + 22*a + 26. Let n be v(-26). Let s be (10/3)/((-2)/(-24)). Suppose -s*k - n = -42*k. What are the prime factors of k?
5, 13
Let a(s) = -5*s - 38. Let u be a(-2). Let i be 231/(-15) - 2/(-5). Let d = i - u. What are the prime factors of d?
13
Let f = 99 - 82. Suppose -3*c - 4*t + 26 = 0, -2*t + 1 = 4*c - f. Suppose 5*q - h = 299, 0 = -c*q - 3*q + 4*h + 296. List the prime factors of q.
2, 3, 5
Suppose 5*k - 14 - 5 = 2*p, 3*k - 9 = 0. Let y be p/(-11) + ((-6460)/(-44) - -5). Suppose -z = -3*z + y. List the prime factors of z.
2, 19
Suppose -2*w - 3*p + 18 = p, -5*w = 5*p - 65. Let c(j) = 0 + 3 - 126*j**2 - w*j + 153*j**2. What are the prime factors of c(3)?
3, 5, 13
Suppose -208*h + 855839 - 161743 = 0. List the prime factors of h.
47, 71
Let q(f) = 4*f**2 + 41*f + 14. Let p be q(-10). Let c = 19 - 43. What are the prime factors of 122 - p/6*c/16?
3, 41
Suppose s = a + 1158 + 1165, -s + 2311 = -4*a. What are the prime factors of s?
13, 179
Let c be (1*2 - -1) + -41 + 33. What are the prime factors of c/20 + (-3199)/(-28)?
2, 3, 19
Suppose 168 = -4*n + 11*n. Suppose 0 = 4*x - 7*x + n. Suppose -x*i + 162 = -5*i. What are the prime factors of i?
2, 3
Let n = -3140 - -10516. Suppose 90*j - 98*j = -n. List the prime factors of j.
2, 461
Suppose -21 = 2*x + r - 107, -4*r = -16. Suppose 2*z + z - 5*k - x = 0, -4*k = 16. Suppose z*b - 141 = 188. What are the prime factors of b?
47
Suppose 0 = 50*i - 19*i + 60*i - 284830. List the prime factors of i.
2, 5, 313
Let k = -99525 - -140653. What are the prime factors of k?
2, 53, 97
Let u = -176 + 180. Suppose 6*x + 1426 = 2*j + u*x, -2*x - 716 = -j. List the prime factors of j.
2, 5, 71
Let v be (7 + (-308)/24)*-6. Suppose v*u - 23*u - 5796 = 0. What are the prime factors of u?
3, 7, 23
Let g(x) = -x**2 - 11*x + 20. Let s be g(-21). Let u = -295 - s. What are the prime factors of 7/(u/(-10))*57?
2, 19
Let b(m) = 96*m - 530. What are the prime factors of b(99)?
2, 7, 641
Suppose 31056 = 3*c + 3*r, -14519 - 6155 = -2*c + 3*r. List the prime factors of c.
2, 7, 739
Suppose -5*j = -4*f - 26886, 0 = j - 3*f - 0*f - 5386. What are the prime factors of j?
2, 268